s of s?
2, 17
Suppose 0 = -2*y + 71 + 177. List the prime factors of y.
2, 31
Let v = -24 + 53. List the prime factors of v.
29
Suppose 5*g = -0*g + 255. List the prime factors of g.
3, 17
Suppose 0 = g - 5*g + 936. List the prime factors of g.
2, 3, 13
Suppose d - 22 = -2*o - 1, -5*o = 3*d - 65. List the prime factors of d.
5
Let u(m) = -m**2 - 7*m - 4. Let k be u(-5). Suppose 0 = -10*d + k*d + 64. What are the prime factors of d?
2
Let q be 2 + -1 + 1 + 0. Let g(s) = 1 - q*s**2 - 1 - s**3 - 3 - s. List the prime factors of g(-3).
3
Suppose -p + 18 = -2*c + 5, 2*c - 25 = -p. Let w = 1 + p. What are the prime factors of 1/(2/w) + 0?
2, 5
Suppose 4*f = 3*f - 7. Let x = -3 - f. List the prime factors of x/(-10) + (-24)/(-10).
2
Suppose -5*y = 2*h + 9, 3*h - 1 + 9 = -2*y. What are the prime factors of 5/(-10) - 5/h?
2
Suppose -56 - 4 = -3*z. List the prime factors of z.
2, 5
Suppose 3*z - 46 = 194. List the prime factors of z.
2, 5
Let b be 112/18 + (-8)/36. Let x be -12*5/((-45)/b). Let v = -6 + x. What are the prime factors of v?
2
Let w(s) = s**3 - 6*s**2 + 4*s + 6. Let i be w(5). Let g = i - -2. List the prime factors of g.
3
Let h(c) = 2*c**2 + 2*c - 2. Let z be h(-3). Let x = z - 8. Suppose 0 = -x*l - 1 + 29. List the prime factors of l.
2, 7
Let h(x) = 2*x + 1. Let t(v) = v**2 - 6*v - 3. Let l(r) = 14*h(r) + 4*t(r). Suppose -6*n + 4 = 16. List the prime factors of l(n).
2, 5
Let n be (-16)/6*(-6)/4. Suppose b + i = -2*b + 26, -5*b + n*i = -15. What are the prime factors of b?
7
Suppose -3*u + 48 = -w, 3*u - 7*u = 4*w - 64. List the prime factors of u.
2
Let w = 0 + 0. Suppose w = 4*v - 7*v + 12. List the prime factors of v.
2
Suppose -4*m + 5*w + 41 = 0, -3*w = -0*m + 2*m + 7. Let c = m + 0. List the prime factors of c.
2
Suppose 0 = l + 1 - 12. List the prime factors of l.
11
Suppose 51 = 5*i - 114. List the prime factors of i.
3, 11
Suppose 5*t + 3*l - 900 = 0, -2*t + 386 = 2*l - 6*l. What are the prime factors of t?
3, 61
Let s = 18 + -10. Let z(j) = j**2 - 2*j - 7. List the prime factors of z(s).
41
Suppose -4*z = 3*i - 179, -4*z + 0*z + 4*i + 144 = 0. What are the prime factors of z?
41
Suppose n = 3, 2*n = 2*k - 2*n - 78. List the prime factors of k.
3, 5
Let i(b) = -b + 4. Let c be i(5). What are the prime factors of (-392)/(-14) - (4 + c)?
5
Let a = 128 + 131. What are the prime factors of a?
7, 37
Let z(p) = -2 - 9*p - 3 + 11*p. Let a be z(4). Suppose a*l + k - 57 = 0, 3*l - k = 77 - 14. List the prime factors of l.
2, 5
Let o(v) = -v**3 + 5*v**2 - v - 3. List the prime factors of o(4).
3
Let a(q) = 55*q - 9. List the prime factors of a(2).
101
Suppose -3*y - 14 = 2*g + 6, -2*y + 4*g = 8. List the prime factors of (0 + 18)/(y/(-8)).
2, 3
Let c(s) = s + 1. Let x be c(4). Let w = x + 11. What are the prime factors of w?
2
Suppose 109 = 2*k - 149. What are the prime factors of k?
3, 43
Let d be (20/(-24))/(1/(-6)). Suppose d*j - 3*o - 80 = 0, 0 = -o + 3*o. What are the prime factors of j?
2
Let b(a) = a + 1. Suppose -3*r + 3*i + 69 = 0, 0 = 2*r - 5*i - 41 - 14. Suppose 56 = 5*q - 4*d, 3*d - r = -2*q + 4*d. List the prime factors of b(q).
3
Suppose -6*u - 197 = -755. What are the prime factors of u?
3, 31
Suppose 10*u - 8*u = 10. List the prime factors of ((-12)/u)/(3/(-20)).
2
Suppose -a = 3*a - 228. Suppose 2*h + 5*b + 11 = 0, 0*b - 8 = 2*h + 4*b. Suppose -5*m = -h*m - a. What are the prime factors of m?
19
Let v be 2/(4/(-2) + 3). Suppose 2*g + 1 = 3*g, -3*g = v*i - 27. Let h = -8 + i. What are the prime factors of h?
2
Suppose 0 = -2*r - 13 - 3. Let n = -2 - r. List the prime factors of n.
2, 3
Suppose -5*k + d + 7 = 0, 3*d = 4*k - 0*d + 1. Let l be (0 - 0)/(4/k). Suppose l = -0*o - 2*o + 20. List the prime factors of o.
2, 5
Suppose 3*k = 2 - 5. Let i be k + 2 - 2/2. Suppose -2*n + 6*n - 44 = i. List the prime factors of n.
11
Let s(j) = -j**2 - 20*j - 29. List the prime factors of s(-16).
5, 7
Suppose 5*l - 38 = -2*j, 2*l - 3*l - 23 = -3*j. Let g = 11 - j. What are the prime factors of g?
2
Suppose 0 = -2*u + 37 + 9. What are the prime factors of u?
23
What are the prime factors of -4*(47/(-4) - 4)?
3, 7
Let p be (-1)/(1*3/(-393)). Suppose 3*b + 135 = 3*v, b + p = 4*v - 34. What are the prime factors of v?
2, 5
Let q be -3 + 3 - (-2 - 1). Suppose -2*u - 4*r + 25 = u, u + 4*r - q = 0. What are the prime factors of u?
11
Let h = 53 + 89. What are the prime factors of h?
2, 71
Let b be 1 - 1*-1*1. Suppose 2*g - 4*w = -8, g - 3*w + 6 = 4*g. Suppose -5*k + 4*y + 28 = 0, k + b*y - 5 - 9 = g. List the prime factors of k.
2
Suppose -4 = v, 4*h - 12 + 0 = 2*v. Let a be (0/h)/(-2 + 0). Suppose 16 = 4*c - a*c. What are the prime factors of c?
2
Suppose -48 = -6*h + 2*h. Let m = -6 + h. List the prime factors of m.
2, 3
Suppose -18*m + 23*m = 515. What are the prime factors of m?
103
Let i(n) be the first derivative of 2*n**2 + 7*n + 1. Let z(p) = 9*p + 15. Let y(r) = 7*i(r) - 3*z(r). List the prime factors of y(6).
2, 5
Suppose 0 = 2*l + 3*l. Suppose 0 = -5*c - 5*x + 125, -2*c - 2*x = -6*c + 70. Let s = c - l. List the prime factors of s.
2, 5
Let u = -37 - -26. Let w(b) = -b. What are the prime factors of w(u)?
11
Let r be 2/(-6)*(1 - 1). Suppose r = -c + 15 - 5. What are the prime factors of c?
2, 5
Suppose -2*u + 11 = -2*j + u, -5*u = 3*j - 31. What are the prime factors of 27 + -4 + 7 - j?
2, 7
Let z be ((-7)/21)/((-2)/6). Suppose 0 = v + z - 4. Suppose -24 + v = -3*p. List the prime factors of p.
7
Suppose -d = 4, -2*w + 3*d - 4*d = 44. Let a = -12 - w. Suppose -r + a + 3 = 0. What are the prime factors of r?
11
Suppose -2*w = -3*w + 3. Suppose 161 = w*b + 23. Suppose 0 = 3*k - 5*c - 31, b = 2*k + 2*k - 2*c. List the prime factors of k.
2, 3
List the prime factors of ((-114)/(-9))/((-8)/78)*-2.
13, 19
List the prime factors of (84/(-9))/((-4)/6).
2, 7
Suppose -4*m + 0*c - 4*c + 104 = 0, 0 = -2*m + c + 49. List the prime factors of m.
5
Let i(k) = 2*k**2 - 17*k + 15. List the prime factors of i(9).
2, 3
What are the prime factors of -3 + (288 - (-8)/2)?
17
Let b(r) = r**3 + 5*r**2 - 4*r. Let q be 1 - (-5)/(10/(-12)). What are the prime factors of b(q)?
2, 5
Suppose 9*k - 15 = 4*k. Suppose 2*f + k = 13. List the prime factors of f.
5
Let i(r) = -r**2 - 15*r - 18. List the prime factors of i(-8).
2, 19
Let q = -3 + 12. Let s = q + -13. Let p = -1 - s. List the prime factors of p.
3
Let b be (-2)/1*(2 - -2). Let u be ((-1)/2)/(4/b). Suppose u + 1 = m. List the prime factors of m.
2
Let j be (3 - 1)/(2/5). Let s = j + -15. What are the prime factors of 53/5 - (-6)/s?
2, 5
Suppose y + 0*y - 8 = 0. List the prime factors of ((-22)/y)/((-1)/4).
11
Let a(m) = 4*m + 11. Let h be a(-5). What are the prime factors of 0 - -57*(-6)/h?
2, 19
Let o(c) = c**2 + 7. What are the prime factors of o(6)?
43
Suppose -2*g - 2*g = -276. Suppose -3*a = -4*t + t - g, -3*a + 101 = 5*t. What are the prime factors of a?
3
Let m = -40 - -137. What are the prime factors of m?
97
Let c = 3 + -9. Let i = c - -14. What are the prime factors of i?
2
Let l(i) = i**2 + 5*i + 12. What are the prime factors of l(-8)?
2, 3
Let o(n) = n**3 + 3*n**2 - 3*n + 4. Suppose 5*b = -13 - 2. What are the prime factors of o(b)?
13
Let f(q) = 6*q**2 + 2*q + 19. List the prime factors of f(-4).
107
Suppose 5*s - 151 = 64. List the prime factors of s.
43
Suppose -m = -y + 159, 0*m = 4*y - 2*m - 632. What are the prime factors of y?
157
Suppose -10 = -5*k + 5. Suppose -2*s - s = -k. List the prime factors of 1*-2*-5*s.
2, 5
Suppose -7 = -c + 2*u - 4*u, -u = 3*c - 11. Let v be 2/2 - (-10)/5. Suppose -q + 12 = 3*s, v*s - c*q - 12 = q. List the prime factors of s.
2
Let f(o) = -o**2 - 7*o. Let k be f(-6). Suppose 9*j - 39 = k*j. List the prime factors of j.
13
Suppose n + 0*n - 73 = -2*w, 3*w = -5*n + 92. Let j = w - 12. Suppose -j = -5*q + 2*q. List the prime factors of q.
3
Suppose -3*z = 15 + 3. Let f = z - -9. What are the prime factors of f?
3
Let x = -133 + 217. Let a = x - 49. List the prime factors of a.
5, 7
Let z(v) = v**2 + 15*v + 2. What are the prime factors of z(-16)?
2, 3
Let g be 0 + -1 + 7 + -2. Let s = g + -6. Let i(r) = -7*r - 1. List the prime factors of i(s).
13
Let f = 6 + -5. Let o = f - -2. What are the prime factors of 8/(3/o) + -1?
7
Let n be 3 - 3 - (2 + -4). Su